3*a + o = 346. What is the units digit of a?
5
Let r(w) = -4*w - 66. Let k be r(-18). Let o = 6 - 4. What is the units digit of (-996)/k*(o - 1)*-1?
6
Suppose -10610 = -3*a + 4*l - 1861, -6*a + 5*l + 17504 = 0. What is the thousands digit of a?
2
Let y(t) = -7*t + 164. Let z be y(11). Let r(v) = -6*v + 6. Let p be r(6). Let b = p + z. What is the units digit of b?
7
Suppose -d = 5*f - 13, 2*f + d - 6*d = -11. Let o be (-71)/f*(-2 - -4). Let m = 166 + o. What is the tens digit of m?
9
Suppose 4*o - 4*y - 29 = -7*y, -3*o + 5*y = 0. Let d = 8 - o. Suppose -3*q = d*a - 210, 5*a - 4*q - 314 = -0*q. What is the tens digit of a?
6
Suppose 0 = -6*w + 148 - 28. Suppose 2*q - w = -3*q. Suppose -4*i + 0*i - 661 = -5*d, -3*d - q*i = -371. What is the units digit of d?
9
Let o(b) = 60*b + 42. Let g be o(-6). Let y = g - -1400. What is the units digit of y?
2
Suppose 7*n - 5*n = 3*w - 15, w - 5 = 2*n. Suppose 0 = -3*x + 4*z + 1168, w*z + 593 - 211 = x. What is the units digit of x?
2
Suppose -2*u - 1715 = -3*f, -3*u - 16 = -4*f + 2269. Suppose 0 = -4*m + f + 345. Suppose -2*t + m = -3*s + 7*s, 0 = 5*s - 5. What is the hundreds digit of t?
1
Let i(t) = t**2 - 35*t + 95. Let y be i(32). Let c(k) = 1202*k**2 + 14*k + 17. What is the tens digit of c(y)?
0
Suppose 32*d + 61067 = 216171. What is the units digit of d?
7
Let c be -6 + 3*(-456)/(-18). What is the tens digit of -3*(-7532)/c*5/3?
3
Let j(v) = 452*v + 117. What is the tens digit of j(3)?
7
Suppose 20*r - 210 = 25*r. Let c = r - -479. What is the units digit of c?
7
Let j = 38644 - 27168. What is the hundreds digit of j?
4
Let t(q) = -18*q**3 + q**2 - 1. Let m be t(-2). Let p = -50 + m. What is the tens digit of p?
9
Suppose 51*n = 6*n + 179055. What is the tens digit of n?
7
Suppose 26*s - 13*s + 87*s - 4863800 = 0. What is the ten thousands digit of s?
4
Let g(b) = -2*b**3 - 19*b**2 + 13*b - 21. Let w(k) = 5*k**3 + 39*k**2 - 25*k + 42. Let l(y) = -7*g(y) - 3*w(y). What is the tens digit of l(13)?
2
Suppose -5 = -a + 2*a. Let z = 5 + a. Suppose z = -3*s - 3*h + 309, 0*h = -5*s + 5*h + 525. What is the units digit of s?
4
Let f be -1 + (6 - 10)*-1. Suppose 0 = 5*q - 2*z - 1665, -3*q - f*z - 2*z + 1030 = 0. What is the tens digit of q?
3
Suppose -2*v - 585 = -7*v - 5*n, -5*n - 10 = 0. Let p(c) = 2*c - 2. Let s be p(4). Let x = s + v. What is the tens digit of x?
2
Let k(z) = 7*z - 9 + 2 - 10*z - 20*z. Let u(j) = -46*j - 15. Let w(a) = -5*k(a) + 3*u(a). What is the units digit of w(-4)?
2
Let p be (-5024)/48*(-1)/(1/6). Suppose -2*j - 4*s - 529 = -1825, j - 3*s - p = 0. Suppose 0 = 7*r - 109 - j. What is the tens digit of r?
0
Suppose -357*n = -153*n - 4444140. What is the units digit of n?
5
Let j = 9 + -1. Suppose -33 = 3*u + j*u. What is the hundreds digit of (15/(-10))/(u/254)?
1
What is the hundreds digit of (-111576)/144*(-81 - -3)?
4
Let c(m) = 2*m**3 - m**2 - 9*m - 14. Suppose -24*o + 38*o = 70. What is the units digit of c(o)?
6
Let o(n) = -n**3 - 11*n**2 - n + 13. Let k be -2*(-4)/5*(-10)/(-4). Suppose -1 = k*p + 43. What is the tens digit of o(p)?
2
Suppose 4*i - 427 = 5*p, 4*i - 31*p = -28*p + 429. What is the tens digit of i?
0
Suppose -r + 3*l = 6*l - 18, 2*r - 38 = -5*l. Suppose -r = 3*x - 7*x. What is the units digit of x?
6
Let b = 29 + -24. Suppose -2*h + 3*j + 330 = 0, -b*h + 825 = -0*h - 3*j. Suppose -n = 2*g - h, 2*g + g - 246 = -2*n. What is the tens digit of g?
8
Let y be 75/2 + -1*3/2. Let m = 38 - y. Suppose -2*d + 70 + m = 0. What is the units digit of d?
6
Suppose 17*k - 6180 - 45880 = -78*k. What is the units digit of k?
8
Let t = 32614 - -15867. What is the thousands digit of t?
8
Suppose -2*i + 426 = -3*o, 3*i - 3*o = -6*o + 654. Let q = 1080 - i. What is the units digit of q?
4
Suppose 10 = -3*a + h - 6, -5*h = -3*a - 8. Let l be a*2*(-6)/18. Suppose -3*w + 5*i + 578 = 0, -l*i + 0*i = 3*w - 596. What is the tens digit of w?
9
Let s = 181050 - 121178. What is the hundreds digit of s?
8
What is the hundreds digit of ((-39606)/(-30) + 1)*(16 + -1)?
8
Let v(c) = 8 + 15*c**2 + 11 + 3 + 30*c**2 + 11. What is the tens digit of v(4)?
5
Suppose 43*k - 44*k + 26 = 0. What is the units digit of 2 + -1 + 78 + k?
5
Let q(a) = a**3 + a**2 + 1. Let v(u) = 3*u**3 - 6*u**2 - 34*u - 3. Let d(f) = 2*q(f) - v(f). Let w be d(11). What is the units digit of 216/w*64/3?
8
Suppose 4*t + 8 = 3*t + 5*n, 2*n - 2 = t. Let j(x) = 31*x**3 - 3*x**2 + 3*x - 3. What is the tens digit of j(t)?
3
Let d = 88129 - 60309. What is the tens digit of d?
2
Let g = -1902 + 725. What is the tens digit of g/(-9) + 18/81?
3
Suppose 5016 = 5*g + 3*v, 4*g - 5*g = -5*v - 992. Let f = -486 + g. What is the tens digit of f?
1
Suppose -c - 219 = -5*c + d, 5*d - 93 = -2*c. Suppose c*z - 4511 = 4831. What is the units digit of z?
3
Let v = 9550 - 3238. What is the thousands digit of v?
6
Suppose s = -l + 16, l + 87 = 4*s + 13. Let v be (-248)/s - (-4)/(-18). What is the units digit of 4/v - (-34365)/203?
9
Suppose -2*j + 33116 = 6*c - 10*c, 5*j + 5*c = 82820. What is the tens digit of j?
6
Let a(o) = o**3 + 12*o**2 - 107*o + 130. What is the hundreds digit of a(19)?
2
Suppose 7*t + 219 + 313 = 0. Let h be t/(((-8)/12)/(-1)). Let y = 189 + h. What is the tens digit of y?
7
Suppose 0 = d + 17 + 12. Let b = -2 + 94. Let s = d + b. What is the units digit of s?
3
Let d = -3 + 5. Suppose -o + 5 - d = 0. Suppose -4*x = 4, 0 = -o*m - 2*x - 2*x + 221. What is the tens digit of m?
7
Suppose 15*z = -903 - 252. Let f = z + 838. What is the tens digit of f?
6
Suppose 3*u + 6 = 0, -49*f + 54*f + 3*u = 56699. What is the hundreds digit of f?
3
Let b(r) = 4*r - 63. Let j be b(15). Let d(w) = -93*w + 32. What is the hundreds digit of d(j)?
3
Let z be 24577/(-56) + (-2)/16. What is the hundreds digit of z/(-1)*(-8 - -9)?
4
Let t = 7568 - 2527. What is the units digit of t?
1
Let s = 48 + -52. Let f be ((-446)/s)/(5 + 45/(-10)). Suppose 9 = 2*o - f. What is the units digit of o?
6
Let f be (-10)/105 - 299585/231. Let w = 428 - f. What is the hundreds digit of w?
7
Let a = -263 + 283. Suppose 23*j = a*j + 972. What is the tens digit of j?
2
Let q = 20 - 20. Suppose 5*m - 902 = 2*m + b, q = -b + 4. What is the units digit of m?
2
Suppose 0 = 82*t - 88*t + 12624. Suppose 3*d = 5*d - 4*y - 1082, -t = -4*d - 4*y. What is the units digit of d?
1
Let p = 82646 - 8337. What is the hundreds digit of p?
3
Suppose -31*a + 24366 = -66216. What is the hundreds digit of a?
9
Let u = -106 - -108. What is the hundreds digit of 2265/u*12/9 + -3?
5
Suppose -5*w + 63 = 3*g - 2*w, 4*w + 69 = 5*g. What is the hundreds digit of g/((-15)/(-125)*(-3)/(-9))?
4
Let m be 1894/14 + (-24)/84. Let j = -92 + 17. Let z = m + j. What is the tens digit of z?
6
Let n = 5 + -25. What is the tens digit of (9 + 2036/n)/(2/(-10))?
6
Suppose 43 = 3*k - 4*k + m, 4*k - 5*m = -170. Let s = 251 + k. Let a = 306 - s. What is the hundreds digit of a?
1
Suppose -2*w + 5*z + 2356 = -0*z, 2*w + z = 2344. What is the thousands digit of w?
1
Let w(m) = 1204*m**2 - 238*m + 456. What is the thousands digit of w(2)?
4
Let j(c) = 2*c - 31. Let f be j(19). Suppose 0 = -f*r + 3*r. Suppose 4*o - 114 - 162 = r. What is the units digit of o?
9
Let b = -102 + 937. Let p = -128 + b. What is the units digit of p?
7
Let h(x) = x**2 - 17*x - 23. Let g be h(18). Let n(o) = -o**3 + 5*o**2 - 6*o - 3. Let w be n(g). Suppose -5*z = 72 - w. What is the tens digit of z?
4
Suppose 10*g = 9*g. Suppose 3*b - 243 = -5*p + 123, 2*b - 2*p - 244 = g. Let i = b - 75. What is the units digit of i?
7
Suppose -2*k - 4*d + 11550 = 0, -29*k = -28*k - 5*d - 5768. What is the tens digit of k?
7
Suppose 0 = -o - 7*g + 4*g, 5*g = 0. Suppose o = 2*f + 6, -3*f + 123 = u - 47. What is the hundreds digit of u?
1
Let r = -444 + 460. Suppose r*m - 7380 = -20*m. What is the units digit of m?
5
Suppose 18*l = 53633 + 15253. Suppose -6*m = -l + 161. What is the units digit of m?
1
Let p(m) be the third derivative of -m**4/12 + 31*m**3/6 + 8*m**2. Let c be p(14). Suppose 0 = 5*f - 28 + c. What is the units digit of f?
5
Suppose -136*c + 719499 = -2*c - 1481049. What is the tens digit of c?
2
Let c be 2 + -1 + (5 - 74 - -8). Let k = c + 330. What is the units digit of k?
0
What is the units digit of (330348/(-10))/(33/(-20)) + 3/(-33)?
1
